factor of 1535318046 and 18.
18
Calculate the greatest common divisor of 15745 and 3377135.
335
Calculate the highest common factor of 1857103 and 255677.
1531
What is the greatest common factor of 145452 and 7548?
204
Calculate the highest common divisor of 36661000 and 1900.
100
What is the highest common factor of 1 and 40848557?
1
Calculate the greatest common factor of 21724012 and 1136.
284
Calculate the highest common divisor of 558779 and 13787.
811
What is the highest common divisor of 178710 and 6210?
690
Calculate the highest common divisor of 27449944 and 24.
8
What is the highest common factor of 6 and 263809179?
3
Calculate the highest common factor of 139 and 1822588711.
139
Calculate the highest common divisor of 6611 and 524072.
601
Calculate the greatest common factor of 11289485 and 282905.
685
What is the highest common factor of 16 and 10998688?
16
Calculate the highest common factor of 10339 and 5561960.
211
Calculate the highest common divisor of 90 and 56839086.
18
What is the highest common divisor of 142379 and 11937?
173
What is the greatest common factor of 6601 and 7049707?
161
Calculate the highest common factor of 2964728 and 27231.
29
Calculate the highest common divisor of 9605612 and 1276.
116
What is the greatest common factor of 509424 and 2712?
24
What is the highest common factor of 1039212 and 45324?
36
What is the highest common divisor of 3978 and 103882194?
234
What is the greatest common factor of 2946039 and 242630?
1277
What is the highest common divisor of 7938 and 156627?
27
Calculate the highest common factor of 300896115 and 9165.
9165
What is the greatest common divisor of 11718 and 20717046?
378
Calculate the highest common divisor of 224 and 3424816.
16
What is the highest common factor of 17414562 and 96679?
2057
Calculate the highest common divisor of 30408 and 476211.
543
What is the highest common divisor of 77583 and 39633?
33
What is the greatest common divisor of 17040959 and 2164?
541
Calculate the highest common factor of 11520926 and 786.
262
Calculate the greatest common divisor of 103484305 and 890.
445
What is the highest common factor of 631149 and 3939?
303
What is the greatest common factor of 222 and 365161362?
222
Calculate the greatest common factor of 85561 and 1666.
119
What is the highest common factor of 318528 and 137952?
288
What is the greatest common factor of 1596 and 19698231?
399
Calculate the greatest common divisor of 39807 and 15016085.
4423
Calculate the highest common factor of 175478 and 786.
2
What is the greatest common factor of 8465733 and 36207?
1341
Calculate the greatest common factor of 1995045 and 6.
3
Calculate the greatest common factor of 88149468 and 35937.
3993
Calculate the highest common factor of 45415557 and 65373.
9339
What is the highest common divisor of 35130 and 2067986?
2342
Calculate the highest common factor of 96330 and 160170.
570
Calculate the highest common factor of 14 and 413937776.
14
Calculate the greatest common divisor of 195148 and 68.
4
Calculate the greatest common factor of 6077501 and 464.
29
Calculate the highest common divisor of 1344987378 and 63.
63
What is the greatest common factor of 534414 and 522?
6
Calculate the highest common factor of 4866 and 1376267.
811
Calculate the highest common factor of 17478 and 34987072.
1942
Calculate the greatest common factor of 2327024 and 1264.
1264
Calculate the greatest common divisor of 2457688 and 13718.
722
Calculate the greatest common divisor of 44451265 and 2705.
2705
Calculate the greatest common factor of 189 and 1643712.
21
Calculate the greatest common divisor of 65488021 and 4213.
383
Calculate the highest common divisor of 18333 and 17846157.
2037
Calculate the greatest common factor of 40 and 10293065.
5
Calculate the greatest common factor of 5036709 and 13923.
51
What is the highest common divisor of 125629 and 4795?
959
Calculate the greatest common factor of 269223559 and 11.
11
What is the greatest common divisor of 174625 and 10541?
127
What is the highest common divisor of 2431 and 48988849?
221
What is the highest common divisor of 23640030 and 55080?
1530
What is the greatest common divisor of 301494 and 99?
3
What is the highest common factor of 32267167 and 829?
829
Calculate the highest common factor of 4739512 and 95.
19
What is the greatest common divisor of 928 and 168030814?
58
Calculate the greatest common factor of 13141063 and 8684.
2171
What is the greatest common divisor of 3340732 and 532?
76
What is the greatest common factor of 717258 and 2515074?
1038
Calculate the highest common factor of 3709744 and 56.
8
Calculate the greatest common factor of 564 and 9345292.
188
What is the greatest common divisor of 7364 and 1564324?
1052
What is the highest common divisor of 23153 and 8124922?
1781
What is the highest common divisor of 6636267 and 135?
9
What is the greatest common factor of 427 and 88113158?
427
What is the highest common divisor of 51529634 and 52?
26
Calculate the highest common factor of 20211751 and 2611.
2611
Calculate the highest common divisor of 1247284 and 96.
4
Calculate the greatest common divisor of 207647840 and 520.
40
Calculate the greatest common factor of 3290 and 7731970.
470
Calculate the highest common divisor of 21 and 3049361.
7
Calculate the greatest common divisor of 1122321685 and 115.
115
What is the highest common factor of 128085 and 360?
15
Calculate the greatest common divisor of 524929 and 989.
23
What is the highest common factor of 574 and 13614706?
574
What is the greatest common factor of 12087180 and 35?
35
Calculate the greatest common factor of 1725 and 788684375.
575
What is the highest common divisor of 44 and 3584075?
11
What is the greatest common divisor of 28 and 201806?
2
What is the greatest common divisor of 510 and 19101795?
255
What is the highest common factor of 221 and 56252677?
221
What is the greatest common divisor of 1452 and 117289656?
1452
Calculate the highest common factor of 25272016 and 552464.
12848
What is the greatest common factor of 148 and 112941464?
148
What is the greatest common factor of 13125 and 786450?
525
What is the highest common factor of 136 and 34230452?
68
Calculate the greatest common divisor of 4012 and 66844.
68
Calculate the greatest common divisor of 29841 and 5590620.
609
Calculate the highest common divisor of 3297 and 81449088.
3297
Calculate the highest common divisor of 7244076 and 420.
84
Calculate the highest common factor of 2968785 and 25650.
135
Calculate the greatest common divisor of 486486 and 539136.
2106
What is the highest common divisor of 18 and 14090634?
18
Calculate the highest common divisor of 37969409 and 499.
499
Calculate the highest common divisor of 130780 and 3887.
13
Calculate the highest common divisor of 19449 and 89590738.
2161
Calculate the highest common factor of 964117 and 7448.
133
Calculate the greatest common divisor of 29484 and 13067236.
364
What is the highest common factor of 37 and 38973?
1
What is the greatest common divisor of 289831560 and 1832?
1832
What is the greatest common factor of 37583 and 353639923?
5369
What is the highest common divisor of 1984490 and 21010?
1910
Calculate the greatest common factor of 475498 and 254.
2
What is the highest common divisor of 19835238 and 12?
6
What is the greatest common divisor of 1125 and 8665375?
125
Calculate the highest common factor of 30470 and 127420.
2770
Calculate the highest common factor of 9494860 and 2760.
460
What is the greatest common factor of 3632627 and 6931?
29
Calculate the highest common divisor of 1673984 and 11804.
52
Calculate the greatest common divisor of 18188487 and 5406.
2703
Calculate the greatest common factor of 48750883 and 34.
17
What is the greatest common factor of 4030 and 759810?
310
What is the highest common divisor of 10778752 and 5136?
1712
Calculate the greatest common divisor of 2898 and 299292882.
966
Calculate the highest common divisor of 23647818 and 311.
311
Calculate the greatest common divisor of 12350 and 502151.
247
What is the greatest common factor of 163183 and 51305?
331
What is the greatest common divisor of 57526 and 46?
2
What is the greatest common factor of 688122 and 72?
18
What is t